{"id":197,"date":"2026-03-31T07:45:35","date_gmt":"2026-03-31T00:45:35","guid":{"rendered":"https:\/\/meeplus.id.vn\/?post_type=product&#038;p=197"},"modified":"2026-03-31T07:58:44","modified_gmt":"2026-03-31T00:58:44","slug":"pin-sac-du-phong-15000mah-khong-day-magnetic-qi2-type-c-pd-qc-3-0-100w-xmobile-jp339","status":"publish","type":"product","link":"https:\/\/meeplus.id.vn\/index.php\/san-pham\/pin-sac-du-phong-15000mah-khong-day-magnetic-qi2-type-c-pd-qc-3-0-100w-xmobile-jp339\/","title":{"rendered":"Pin s\u1ea1c d\u1ef1 ph\u00f2ng 15000mAh Kh\u00f4ng d\u00e2y Magnetic Qi2 Type C PD QC 3.0 100W Xmobile JP339"},"content":{"rendered":"<p>Trong cu\u1ed9c s\u1ed1ng hi\u1ec7n \u0111\u1ea1i, vi\u1ec7c gi\u1eef cho c\u00e1c thi\u1ebft b\u1ecb \u0111i\u1ec7n t\u1eed lu\u00f4n tr\u00e0n \u0111\u1ea7y n\u0103ng l\u01b0\u1ee3ng l\u00e0 \u0111i\u1ec1u thi\u1ebft y\u1ebfu. N\u1eafm b\u1eaft nhu c\u1ea7u \u0111\u00f3, Pin s\u1ea1c d\u1ef1 ph\u00f2ng 15000mAh Kh\u00f4ng d\u00e2y Magnetic Qi2 Type C PD QC 3.0 100W Xmobile JP339 n\u1ed5i l\u00ean nh\u01b0 m\u1ed9t gi\u1ea3i ph\u00e1p s\u1ea1c \u0111a n\u0103ng, m\u1ea1nh m\u1ebd v\u00e0 ti\u1ec7n l\u1ee3i. \u0110\u00e2y kh\u00f4ng ch\u1ec9 l\u00e0 m\u1ed9t ph\u1ee5 ki\u1ec7n \u0111\u01a1n thu\u1ea7n m\u00e0 c\u00f2n l\u00e0 ng\u01b0\u1eddi b\u1ea1n \u0111\u1ed3ng h\u00e0nh l\u00fd t\u01b0\u1edfng, gi\u00fap b\u1ea1n duy tr\u00ec k\u1ebft n\u1ed1i m\u1ecdi l\u00fac m\u1ecdi n\u01a1i.<br \/>\nV\u1ebb ngo\u00e0i hi\u1ec7n \u0111\u1ea1i, kh\u1ea3 n\u0103ng s\u1ea1c kh\u00f4ng d\u00e2y v\u01b0\u1ee3t tr\u1ed9i<br \/>\nTho\u00e1t kh\u1ecfi nh\u1eefng thi\u1ebft k\u1ebf vu\u00f4ng v\u1ee9c truy\u1ec1n th\u1ed1ng, Xmobile JP339 g\u00e2y \u1ea5n t\u01b0\u1ee3ng v\u1edbi ki\u1ec3u d\u00e1ng h\u00ecnh tr\u1ee5 \u0111\u1ed9c \u0111\u00e1o, mang \u0111\u1ebfn c\u1ea3m gi\u00e1c c\u1ea7m n\u1eafm ch\u1eafc ch\u1eafn v\u00e0 v\u1ebb ngo\u00e0i hi\u1ec7n \u0111\u1ea1i. S\u1ef1 nh\u1ecf g\u1ecdn n\u00e0y gi\u00fap ng\u01b0\u1eddi d\u00f9ng d\u1ec5 d\u00e0ng mang theo trong m\u1ecdi chuy\u1ebfn \u0111i, t\u1eeb c\u00f4ng t\u00e1c \u0111\u1ebfn du l\u1ecbch hay \u0111\u01a1n gi\u1ea3n l\u00e0 di chuy\u1ec3n h\u00e0ng ng\u00e0y.<\/p>\n<p>\u0110i\u1ec3m nh\u1ea5n \u0111\u1eb7c bi\u1ec7t c\u1ee7a thi\u1ebft k\u1ebf l\u00e0 kh\u1ea3 n\u0103ng s\u1ea1c kh\u00f4ng d\u00e2y chu\u1ea9n Qi2 ti\u00ean ti\u1ebfn. Ch\u1ec9 c\u1ea7n \u0111\u1eb7t thi\u1ebft b\u1ecb t\u01b0\u01a1ng th\u00edch l\u00ean b\u1ec1 m\u1eb7t pin, s\u1ea1c s\u1ebd b\u1eaft \u0111\u1ea7u ngay l\u1eadp t\u1ee9c nh\u1edd l\u1ef1c h\u00fat t\u1eeb t\u00ednh m\u1ea1nh m\u1ebd. \u0110i\u1ec1u n\u00e0y kh\u00f4ng ch\u1ec9 lo\u1ea1i b\u1ecf s\u1ef1 r\u01b0\u1eddm r\u00e0 c\u1ee7a d\u00e2y c\u00e1p m\u00e0 c\u00f2n t\u1ed1i \u01b0u h\u00f3a tr\u1ea3i nghi\u1ec7m s\u1eed d\u1ee5ng, \u0111\u1eb7c bi\u1ec7t h\u1eefu \u00edch khi b\u1ea1n \u0111ang di chuy\u1ec3n ho\u1eb7c c\u1ea7n s\u1ea1c nhanh ch\u00f3ng.<\/p>\n<p>N\u0103ng l\u01b0\u1ee3ng d\u1ed3i d\u00e0o, s\u1ea1c m\u1ea1nh m\u1ebd cho m\u1ecdi thi\u1ebft b\u1ecb<br \/>\nV\u1edbi dung l\u01b0\u1ee3ng 15.000 mAh, Xmobile JP339 cung c\u1ea5p ngu\u1ed3n n\u0103ng l\u01b0\u1ee3ng d\u1ed3i d\u00e0o, \u0111\u1ee7 \u0111\u1ec3 s\u1ea1c \u0111\u1ea7y nhi\u1ec1u l\u1ea7n cho \u0111i\u1ec7n tho\u1ea1i th\u00f4ng minh, tai nghe kh\u00f4ng d\u00e2y v\u00e0 c\u00e1c ph\u1ee5 ki\u1ec7n nh\u1ecf kh\u00e1c. \u0110\u1eb7c bi\u1ec7t, n\u00f3 c\u00f2n c\u00f3 kh\u1ea3 n\u0103ng cung c\u1ea5p n\u0103ng l\u01b0\u1ee3ng cho c\u1ea3 laptop, m\u1ed9t t\u00ednh n\u0103ng hi\u1ebfm th\u1ea5y \u1edf c\u00e1c d\u00f2ng s\u1ea1c d\u1ef1 ph\u00f2ng th\u00f4ng th\u01b0\u1eddng, bi\u1ebfn n\u00f3 th\u00e0nh c\u00f4ng c\u1ee5 \u0111\u1eafc l\u1ef1c cho nh\u1eefng ai l\u00e0m vi\u1ec7c di \u0111\u1ed9ng.<\/p>\n<p>Hi\u1ec7u su\u1ea5t s\u1ea1c \u0111\u1ea1t 54% c\u00f9ng l\u00f5i pin Li-Ion ch\u1ea5t l\u01b0\u1ee3ng cao \u0111\u1ea3m b\u1ea3o qu\u00e1 tr\u00ecnh truy\u1ec1n t\u1ea3i n\u0103ng l\u01b0\u1ee3ng \u1ed5n \u0111\u1ecbnh v\u00e0 an to\u00e0n, gi\u00fap t\u1ed1i \u01b0u h\u00f3a tu\u1ed5i th\u1ecd pin c\u1ee7a c\u1ea3 s\u1ea1c d\u1ef1 ph\u00f2ng v\u00e0 thi\u1ebft b\u1ecb \u0111\u01b0\u1ee3c s\u1ea1c. Ng\u01b0\u1eddi d\u00f9ng s\u1ebd kh\u00f4ng c\u00f2n lo l\u1eafng v\u1ec1 vi\u1ec7c c\u1ea1n pin gi\u1eefa ch\u1eebng trong nh\u1eefng chuy\u1ebfn \u0111i d\u00e0i hay khi c\u1ea7n x\u1eed l\u00fd c\u00f4ng vi\u1ec7c g\u1ea5p.<\/p>\n<p>T\u1ed1c \u0111\u1ed9 s\u1ea1c si\u00eau t\u1ed1c v\u1edbi c\u00f4ng ngh\u1ec7 h\u00e0ng \u0111\u1ea7u<br \/>\nS\u1ea1c d\u1ef1 ph\u00f2ng Xmobile \u0111\u01b0\u1ee3c trang b\u1ecb t\u1edbi 3 c\u1ed5ng s\u1ea1c \u0111a n\u0103ng: hai c\u1ed5ng Type C (C1\/C2) v\u1edbi c\u00f4ng su\u1ea5t &#8220;kh\u1ee7ng&#8221; l\u00ean \u0111\u1ebfn 100W v\u00e0 m\u1ed9t c\u1ed5ng USB ti\u00eau chu\u1ea9n 22.5W. \u0110i\u1ec1u n\u00e0y cho ph\u00e9p b\u1ea1n s\u1ea1c c\u00f9ng l\u00fac ba thi\u1ebft b\u1ecb kh\u00e1c nhau v\u1edbi t\u1ed1c \u0111\u1ed9 t\u1ed1i \u01b0u, t\u1eeb \u0111i\u1ec7n tho\u1ea1i, m\u00e1y t\u00ednh b\u1ea3ng \u0111\u1ebfn c\u1ea3 nh\u1eefng chi\u1ebfc laptop y\u00eau c\u1ea7u ngu\u1ed3n \u0111i\u1ec7n l\u1edbn.<\/p>\n<p>C\u00f4ng ngh\u1ec7 s\u1ea1c Power Delivery (PD) v\u00e0 Quick Charge 3.0 (QC 3.0) t\u00edch h\u1ee3p mang l\u1ea1i kh\u1ea3 n\u0103ng s\u1ea1c si\u00eau t\u1ed1c, gi\u00fap thi\u1ebft b\u1ecb c\u1ee7a b\u1ea1n nhanh ch\u00f3ng tr\u1edf l\u1ea1i tr\u1ea1ng th\u00e1i \u0111\u1ea7y pin, ti\u1ebft ki\u1ec7m th\u1eddi gian ch\u1edd \u0111\u1ee3i \u0111\u00e1ng k\u1ec3. Ch\u1eb3ng h\u1ea1n, m\u1ed9t chi\u1ebfc \u0111i\u1ec7n tho\u1ea1i h\u1ed7 tr\u1ee3 PD c\u00f3 th\u1ec3 s\u1ea1c \u0111\u1ea7y pin ch\u1ec9 trong th\u1eddi gian ng\u1eafn h\u01a1n r\u1ea5t nhi\u1ec1u so v\u1edbi s\u1ea1c th\u00f4ng th\u01b0\u1eddng.<\/p>\n<p>Trong khi nhi\u1ec1u ng\u01b0\u1eddi d\u00f9ng v\u1eabn \u01b0u ti\u00ean c\u00e1c d\u00f2ng s\u1ea1c d\u1ef1 ph\u00f2ng 10.000 mAh cho nhu c\u1ea7u c\u01a1 b\u1ea3n, Xmobile JP339 v\u1edbi dung l\u01b0\u1ee3ng 15.000 mAh v\u00e0 c\u00f4ng su\u1ea5t s\u1ea1c 100W th\u1ef1c s\u1ef1 l\u00e0 m\u1ed9t b\u01b0\u1edbc ti\u1ebfn v\u01b0\u1ee3t tr\u1ed9i, \u0111\u00e1p \u1ee9ng t\u1ed1t h\u01a1n cho nh\u1eefng thi\u1ebft b\u1ecb ti\u00eau th\u1ee5 nhi\u1ec1u n\u0103ng l\u01b0\u1ee3ng ho\u1eb7c ng\u01b0\u1eddi d\u00f9ng c\u00f3 nhu c\u1ea7u s\u1ea1c \u0111a d\u1ea1ng.<\/p>\n<p>M\u00e0n h\u00ecnh LED th\u00f4ng minh, an to\u00e0n chu\u1ea9n qu\u1ed1c t\u1ebf<br \/>\n\u0110\u1ec3 ng\u01b0\u1eddi d\u00f9ng d\u1ec5 d\u00e0ng theo d\u00f5i t\u00ecnh tr\u1ea1ng pin, Xmobile JP339 \u0111\u01b0\u1ee3c trang b\u1ecb m\u00e0n h\u00ecnh LED hi\u1ec3n th\u1ecb dung l\u01b0\u1ee3ng pin c\u00f2n l\u1ea1i m\u1ed9t c\u00e1ch tr\u1ef1c quan v\u00e0 ch\u00ednh x\u00e1c. B\u1ea1n s\u1ebd lu\u00f4n bi\u1ebft \u0111\u01b0\u1ee3c khi n\u00e0o c\u1ea7n s\u1ea1c l\u1ea1i cho pin d\u1ef1 ph\u00f2ng, tr\u00e1nh t\u00ecnh tr\u1ea1ng h\u1ebft pin b\u1ea5t ng\u1edd.<\/p>\n<p>\u0110\u1eb7c bi\u1ec7t, s\u1ea3n ph\u1ea9m \u0111\u1ea1t chu\u1ea9n s\u1ea1c CE, m\u1ed9t ch\u1ee9ng nh\u1eadn v\u1ec1 an to\u00e0n v\u00e0 ch\u1ea5t l\u01b0\u1ee3ng theo ti\u00eau chu\u1ea9n Ch\u00e2u \u00c2u. \u0110i\u1ec1u n\u00e0y kh\u1eb3ng \u0111\u1ecbnh \u0111\u1ed9 tin c\u1eady c\u1ee7a Xmobile JP339, mang l\u1ea1i s\u1ef1 y\u00ean t\u00e2m tuy\u1ec7t \u0111\u1ed1i cho ng\u01b0\u1eddi d\u00f9ng v\u1ec1 kh\u1ea3 n\u0103ng b\u1ea3o v\u1ec7 thi\u1ebft b\u1ecb v\u00e0 an to\u00e0n trong qu\u00e1 tr\u00ecnh s\u1eed d\u1ee5ng.<\/p>\n<p>Nh\u00ecn chung, Xmobile JP339 l\u00e0 m\u1ed9t vi\u00ean pin s\u1ea1c d\u1ef1 ph\u00f2ng to\u00e0n di\u1ec7n, t\u00edch h\u1ee3p c\u00f4ng ngh\u1ec7 s\u1ea1c kh\u00f4ng d\u00e2y Qi2 ti\u00ean ti\u1ebfn, kh\u1ea3 n\u0103ng s\u1ea1c nhanh 100W qua c\u1ed5ng Type C v\u00e0 dung l\u01b0\u1ee3ng 15.000 mAh m\u1ea1nh m\u1ebd. Thi\u1ebft k\u1ebf h\u00ecnh tr\u1ee5 \u0111\u1ed9c \u0111\u00e1o c\u00f9ng c\u00e1c ti\u1ec7n \u00edch nh\u01b0 m\u00e0n h\u00ecnh LED v\u00e0 ch\u1ee9ng nh\u1eadn CE c\u00e0ng l\u00e0m t\u0103ng th\u00eam gi\u00e1 tr\u1ecb cho s\u1ea3n ph\u1ea9m. \u0110\u00e2y l\u00e0 l\u1ef1a ch\u1ecdn ho\u00e0n h\u1ea3o cho nh\u1eefng ai t\u00ecm ki\u1ebfm m\u1ed9t gi\u1ea3i ph\u00e1p n\u0103ng l\u01b0\u1ee3ng di \u0111\u1ed9ng hi\u1ec7u qu\u1ea3, \u0111a n\u0103ng v\u00e0 an to\u00e0n, \u0111\u1eb7c bi\u1ec7t l\u00e0 ng\u01b0\u1eddi d\u00f9ng s\u1edf h\u1eefu nhi\u1ec1u thi\u1ebft b\u1ecb c\u00f4ng ngh\u1ec7 t\u1eeb \u0111i\u1ec7n tho\u1ea1i, tai nghe \u0111\u1ebfn laptop. S\u1edf h\u1eefu Pin s\u1ea1c d\u1ef1 ph\u00f2ng 15000mAh Kh\u00f4ng d\u00e2y Magnetic Qi2 Type C PD QC 3.0 100W Xmobile JP339, b\u1ea1n s\u1ebd lu\u00f4n s\u1eb5n s\u00e0ng cho m\u1ecdi th\u1eed th\u00e1ch.<\/p>\n","protected":false},"excerpt":{"rendered":"<p>Trong cu\u1ed9c s\u1ed1ng hi\u1ec7n \u0111\u1ea1i, vi\u1ec7c gi\u1eef cho c\u00e1c thi\u1ebft b\u1ecb \u0111i\u1ec7n t\u1eed lu\u00f4n tr\u00e0n \u0111\u1ea7y n\u0103ng l\u01b0\u1ee3ng l\u00e0 \u0111i\u1ec1u thi\u1ebft y\u1ebfu. N\u1eafm b\u1eaft nhu c\u1ea7u \u0111\u00f3, Pin s\u1ea1c d\u1ef1 ph\u00f2ng 15000mAh Kh\u00f4ng d\u00e2y Magnetic Qi2 Type C PD QC 3.0 100W Xmobile JP339 n\u1ed5i l\u00ean nh\u01b0 m\u1ed9t gi\u1ea3i ph\u00e1p s\u1ea1c \u0111a n\u0103ng, m\u1ea1nh m\u1ebd [&#8230;]\n","protected":false},"featured_media":214,"comment_status":"open","ping_status":"closed","template":"","meta":[],"product_brand":[],"product_cat":[24],"product_tag":[],"class_list":{"0":"post-197","1":"product","2":"type-product","3":"status-publish","4":"has-post-thumbnail","6":"product_cat-sac-du-phong","8":"first","9":"instock","10":"sale","11":"shipping-taxable","12":"purchasable","13":"product-type-simple"},"_links":{"self":[{"href":"https:\/\/meeplus.id.vn\/index.php\/wp-json\/wp\/v2\/product\/197","targetHints":{"allow":["GET"]}}],"collection":[{"href":"https:\/\/meeplus.id.vn\/index.php\/wp-json\/wp\/v2\/product"}],"about":[{"href":"https:\/\/meeplus.id.vn\/index.php\/wp-json\/wp\/v2\/types\/product"}],"replies":[{"embeddable":true,"href":"https:\/\/meeplus.id.vn\/index.php\/wp-json\/wp\/v2\/comments?post=197"}],"wp:featuredmedia":[{"embeddable":true,"href":"https:\/\/meeplus.id.vn\/index.php\/wp-json\/wp\/v2\/media\/214"}],"wp:attachment":[{"href":"https:\/\/meeplus.id.vn\/index.php\/wp-json\/wp\/v2\/media?parent=197"}],"wp:term":[{"taxonomy":"product_brand","embeddable":true,"href":"https:\/\/meeplus.id.vn\/index.php\/wp-json\/wp\/v2\/product_brand?post=197"},{"taxonomy":"product_cat","embeddable":true,"href":"https:\/\/meeplus.id.vn\/index.php\/wp-json\/wp\/v2\/product_cat?post=197"},{"taxonomy":"product_tag","embeddable":true,"href":"https:\/\/meeplus.id.vn\/index.php\/wp-json\/wp\/v2\/product_tag?post=197"}],"curies":[{"name":"wp","href":"https:\/\/api.w.org\/{rel}","templated":true}]}}