{"id":148,"date":"2026-03-31T06:36:33","date_gmt":"2026-03-30T23:36:33","guid":{"rendered":"https:\/\/meeplus.id.vn\/?post_type=product&#038;p=148"},"modified":"2026-03-31T07:20:31","modified_gmt":"2026-03-31T00:20:31","slug":"op-lung-galaxy-s25-ultra-silicone-pc-tpu-samsung-chinh-hang","status":"publish","type":"product","link":"https:\/\/meeplus.id.vn\/index.php\/san-pham\/op-lung-galaxy-s25-ultra-silicone-pc-tpu-samsung-chinh-hang\/","title":{"rendered":"\u1ed0p l\u01b0ng Galaxy S25 Ultra Silicone PC TPU Samsung Ch\u00ednh h\u00e3ng"},"content":{"rendered":"<p>\u1ed0p l\u01b0ng Galaxy S25 Ultra Silicone PC TPU Samsung Ch\u00ednh h\u00e3ng l\u00e0 m\u1ed9t l\u1ef1a ch\u1ecdn l\u00fd t\u01b0\u1edfng cho ng\u01b0\u1eddi d\u00f9ng S25 Ultra, b\u1edfi s\u1ea3n ph\u1ea9m n\u00e0y s\u1edf h\u1eefu \u0111\u1ed9 d\u1ebbo kh\u00e1 v\u00e0 \u0111\u1ed9 b\u1ec1n cao, v\u1eeba h\u1ea1n ch\u1ebf g\u00e2y tr\u1ea7y x\u01b0\u1edbc khi th\u00e1o l\u1eafp, v\u1eeba cho kh\u1ea3 n\u0103ng b\u1ea3o v\u1ec7 t\u1ed1t \u0111i\u1ec7n tho\u1ea1i c\u1ee7a b\u1ea1n trong c\u00e1c tr\u01b0\u1eddng h\u1ee3p va \u0111\u1eadp th\u01b0\u1eddng ng\u00e0y.<br \/>\n\u2022 \u0110\u01b0\u1ee3c thi\u1ebft k\u1ebf d\u00e0nh ri\u00eang cho Samsung Galaxy S25 Ultra, s\u1ea3n ph\u1ea9m c\u00f3 \u0111\u1ed9 \u00f4m s\u00e1t t\u1ed1t v\u1edbi m\u00e1y, \u0111\u1ea3m b\u1ea3o s\u1ef1 ch\u1eafc ch\u1eafn m\u00e0 kh\u00f4ng l\u00e0m \u1ea3nh h\u01b0\u1edfng \u0111\u1ebfn thao t\u00e1c s\u1eed d\u1ee5ng. C\u00e1c n\u00fat b\u1ea5m tr\u00ean \u1ed1p c\u0169ng \u0111\u01b0\u1ee3c thi\u1ebft k\u1ebf ch\u00ednh x\u00e1c, mang \u0111\u1ebfn c\u1ea3m gi\u00e1c b\u1ea5m \u00eam \u00e1i, kh\u00f4ng g\u00e2y c\u1ea5n, \u0111\u1ed3ng th\u1eddi kh\u00f4ng c\u1ea3n tr\u1edf khe c\u1eafm b\u00fat.<\/p>\n<p>\u2022 Vi\u1ec1n camera c\u1ee7a \u1ed1p l\u01b0ng \u0111i\u1ec7n tho\u1ea1i Samsung \u0111\u01b0\u1ee3c l\u00e0m h\u1ee3p l\u00fd, gi\u00fap b\u1ea3o v\u1ec7 c\u1ee5m camera sau kh\u1ecfi tr\u1ea7y x\u01b0\u1edbc khi \u0111\u1eb7t m\u00e1y xu\u1ed1ng c\u00e1c b\u1ec1 m\u1eb7t ph\u1eb3ng m\u00e0 kh\u00f4ng \u1ea3nh h\u01b0\u1edfng \u0111\u1ebfn t\u00ednh n\u0103ng quay, ch\u1ee5p c\u1ee7a Samsung Galaxy S25 Ultra 512GB.<\/p>\n<p>\u2022 S\u1ef1 ph\u1ed1i h\u1ee3p gi\u1eefa ba ch\u1ea5t li\u1ec7u Silicone PC TPU gi\u00fap \u1ed1p v\u1eeba c\u00f3 \u0111\u1ed9 m\u1ec1m m\u1ea1i, d\u1ec5 c\u1ea7m n\u1eafm, v\u1eeba c\u00f3 kh\u1ea3 n\u0103ng ch\u1ed1ng s\u1ed1c kh\u00e1. B\u1ec1 m\u1eb7t \u1ed1p l\u01b0ng \u0111i\u1ec7n tho\u1ea1i theo \u0111\u00f3 c\u0169ng h\u1ea1n ch\u1ebf b\u00e1m d\u1ea5u v\u00e2n tay v\u00e0 b\u1ee5i b\u1ea9n, gi\u1eef cho v\u1ebb ngo\u00e0i thi\u1ebft b\u1ecb \u0111\u01b0\u1ee3c s\u1ea1ch s\u1ebd.<\/p>\n<p>\u2022 M\u1ed9t \u0111i\u1ec3m n\u1ed5i b\u1eadt kh\u00e1c c\u1ee7a \u1ed1p l\u01b0ng Samsung Galaxy S25 Ultra n\u00e0y l\u00e0 d\u00e2y tr\u01b0\u1ee3t ti\u1ec7n d\u1ee5ng \u1edf m\u1eb7t l\u01b0ng. Khi c\u1ea7n c\u1ea7m n\u1eafm ch\u1eafc ch\u1eafn h\u01a1n, \u0111\u1eb7c bi\u1ec7t khi di chuy\u1ec3n, ng\u01b0\u1eddi d\u00f9ng c\u00f3 th\u1ec3 tr\u01b0\u1ee3t d\u00e2y xu\u1ed1ng \u0111\u1ec3 t\u1ea1o \u0111i\u1ec3m t\u1ef1a. Kh\u00f4ng ch\u1ec9 v\u1eady, d\u00e2y tr\u01b0\u1ee3t c\u00f2n c\u00f3 c\u00e1c r\u00e3nh nh\u1ecf gi\u00fap t\u0103ng \u0111\u1ed9 b\u00e1m, mang l\u1ea1i c\u1ea3m gi\u00e1c c\u1ea7m tho\u1ea3i m\u00e1i v\u00e0 an to\u00e0n h\u01a1n.<\/p>\n<p>\u2022 Ngo\u00e0i ra, ph\u1ea7n d\u00e2y n\u00e0y c\u00f2n ho\u1ea1t \u0111\u1ed9ng nh\u01b0 m\u1ed9t ch\u00e2n \u0111\u1ee1 linh ho\u1ea1t, gi\u00fap ng\u01b0\u1eddi d\u00f9ng c\u00f3 th\u1ec3 \u0111\u1eb7t Samsung Galaxy S25 Ultra 1TB n\u1eb1m ngang v\u1edbi g\u00f3c nghi\u00eang ph\u00f9 h\u1ee3p \u0111\u1ec3 xem phim, chat ho\u1eb7c quay video m\u00e0 kh\u00f4ng c\u1ea7n th\u00eam ph\u1ee5 ki\u1ec7n h\u1ed7 tr\u1ee3.<\/p>\n","protected":false},"excerpt":{"rendered":"<p>\u1ed0p l\u01b0ng Galaxy S25 Ultra Silicone PC TPU Samsung Ch\u00ednh h\u00e3ng l\u00e0 m\u1ed9t l\u1ef1a ch\u1ecdn l\u00fd t\u01b0\u1edfng cho ng\u01b0\u1eddi d\u00f9ng S25 Ultra, b\u1edfi s\u1ea3n ph\u1ea9m n\u00e0y s\u1edf h\u1eefu \u0111\u1ed9 d\u1ebbo kh\u00e1 v\u00e0 \u0111\u1ed9 b\u1ec1n cao, v\u1eeba h\u1ea1n ch\u1ebf g\u00e2y tr\u1ea7y x\u01b0\u1edbc khi th\u00e1o l\u1eafp, v\u1eeba cho kh\u1ea3 n\u0103ng b\u1ea3o v\u1ec7 t\u1ed1t \u0111i\u1ec7n tho\u1ea1i c\u1ee7a b\u1ea1n [&#8230;]\n","protected":false},"featured_media":172,"comment_status":"open","ping_status":"closed","template":"","meta":[],"product_brand":[23],"product_cat":[18,20],"product_tag":[],"class_list":{"0":"post-148","1":"product","2":"type-product","3":"status-publish","4":"has-post-thumbnail","6":"product_brand-samsung","7":"product_cat-op-lung","8":"product_cat-samsung","10":"first","11":"instock","12":"sale","13":"shipping-taxable","14":"purchasable","15":"product-type-variable"},"_links":{"self":[{"href":"https:\/\/meeplus.id.vn\/index.php\/wp-json\/wp\/v2\/product\/148","targetHints":{"allow":["GET"]}}],"collection":[{"href":"https:\/\/meeplus.id.vn\/index.php\/wp-json\/wp\/v2\/product"}],"about":[{"href":"https:\/\/meeplus.id.vn\/index.php\/wp-json\/wp\/v2\/types\/product"}],"replies":[{"embeddable":true,"href":"https:\/\/meeplus.id.vn\/index.php\/wp-json\/wp\/v2\/comments?post=148"}],"wp:featuredmedia":[{"embeddable":true,"href":"https:\/\/meeplus.id.vn\/index.php\/wp-json\/wp\/v2\/media\/172"}],"wp:attachment":[{"href":"https:\/\/meeplus.id.vn\/index.php\/wp-json\/wp\/v2\/media?parent=148"}],"wp:term":[{"taxonomy":"product_brand","embeddable":true,"href":"https:\/\/meeplus.id.vn\/index.php\/wp-json\/wp\/v2\/product_brand?post=148"},{"taxonomy":"product_cat","embeddable":true,"href":"https:\/\/meeplus.id.vn\/index.php\/wp-json\/wp\/v2\/product_cat?post=148"},{"taxonomy":"product_tag","embeddable":true,"href":"https:\/\/meeplus.id.vn\/index.php\/wp-json\/wp\/v2\/product_tag?post=148"}],"curies":[{"name":"wp","href":"https:\/\/api.w.org\/{rel}","templated":true}]}}